be b(-29). Let v = l - a. Is v a prime number?
True
Suppose 612*g - 606*g = -4968. Let v = 67 - g. Is v a composite number?
True
Let g(j) = 58059*j - 1934. Is g(3) composite?
False
Suppose -466507 = -5*i - 2*c, -3*i - 2*c + 93308 + 186601 = 0. Is i prime?
False
Let t = 269649 + -175840. Is t a composite number?
False
Suppose 0 = -4*r + 184944 + 23180. Is r a prime number?
False
Let t = -27 - -30. Suppose -t*y = -3 - 3. Suppose 2556 = y*s - 1390. Is s prime?
True
Suppose 4 + 11 = 5*z. Let s be 3 - z - 0 - 9. Let u(l) = 11*l**2 + 2*l - 10. Is u(s) prime?
True
Let b = -308118 - -999909. Is b a composite number?
True
Suppose -7854 = -13*a - 8*a. Suppose 4*x - 390 = a. Is x composite?
False
Suppose -4*y + 5*q = 2421, -y + 4*y - 4*q + 1817 = 0. Let x = -388 - y. Is x a prime number?
True
Suppose 0 = -3*a - 2*b + 6*b + 83, -4*a + 2*b = -124. Suppose -33 = 4*c - a. Suppose -5*k + 2*f = -c*k - 2045, -4*k + f + 1633 = 0. Is k prime?
False
Let r(l) be the first derivative of -1/3*l**3 - 1/2*l**2 - 1/4*l**4 - 3 + 445*l. Is r(0) a prime number?
False
Let t(s) = s**3 - 12*s**2 - 14*s + 16. Let u be t(13). Suppose 2*r = -u + 11. Suppose -2*b + 6*b + 243 = d, r*b = -4*d + 1052. Is d composite?
True
Is 4/36*-1 - (-87537758)/693 a prime number?
True
Let m(a) be the third derivative of -269*a**6/24 + a**4/12 + a**3/2 - 2*a**2 + 30. Is m(-1) composite?
True
Is (-288)/(-1056) - 11877764/(-11) prime?
True
Let r(u) = -377*u - 27. Let m(p) = 1514*p + 110. Let w(f) = 2*m(f) + 9*r(f). Suppose -25 = 5*c + 5*v, -5*c = -2*v + 3 + 15. Is w(c) prime?
False
Suppose -155*c - 3*a + 2098807 = -151*c, -2 = -2*a. Is c a composite number?
False
Is -5 - (-49978 + (24 - 8)) prime?
True
Let b(v) = v**2 - 7*v + 8. Let r be b(6). Let j be r + -5 + 6*326 + -2. Suppose -3*p + 0*q = -q - j, 641 = p + 2*q. Is p composite?
True
Suppose 82 = 19*v - 70. Is 28534/v*(4 - 0) prime?
False
Suppose 3*a = -5*r + 17918, r - 11957 = a - 3*a. Suppose a = 2*g - 3351. Is g a prime number?
False
Suppose -6*k + 39811 + 77279 = 0. Suppose 3*q - 7*x - 11669 = -2*x, 5*x = -5*q + k. Is q composite?
True
Let c be 5/(105/191766) + (-12)/(-42). Let l = 13561 + c. Is l a composite number?
True
Suppose -l + 1 = -o, 3*l - 2*o + 0*o = 2. Let x be (-15)/(315/28)*(-1413 - l). Suppose -3*t = -15, 5*t + x = 5*d + 54. Is d a composite number?
True
Let p be -4*((-18)/(-32))/((-12)/16). Suppose -2*s + 1 = p*z - 226, 229 = 3*z + s. Is z a prime number?
False
Is (17/((-153)/13074))/((-2)/87) a prime number?
False
Let c = -283352 - -405619. Is c composite?
False
Let k = -210779 + 477286. Is k a prime number?
False
Suppose 0 = 23*b - 38*b - 450. Is ((-21246)/b)/((-12)/(-60)) prime?
True
Let i(r) = 113*r**3 - 2*r**2 + 21*r - 94. Is i(5) composite?
True
Is (26 + -10)/64*(1808504 + 0/3) prime?
False
Suppose 0 = 10*g + 11 - 21. Is g*8 + 267000/40 prime?
False
Let h(o) = 30*o**2 + 9*o + 1. Suppose 7*b - 5*r - 8 = 5*b, 0 = 3*b + 5*r - 12. Is h(b) composite?
True
Let l = -3 + 7. Let j(i) = 9*i + 4. Let p be j(l). Suppose c - 338 = -p. Is c a prime number?
False
Let z be 0/(1 - 3) - 6/(-3). Suppose -3*q = z*q + 7555. Let x = -880 - q. Is x a composite number?
False
Let a(i) = 7*i - 7. Let f be a(2). Let b(o) = 469*o + 60. Is b(f) prime?
True
Let m(l) = -l**3 + 4*l**2 + 10*l. Let p be m(5). Suppose p*h - 24*h = 2. Suppose h*x + 2*s - 20645 = -3*x, 3*x - 12361 = 4*s. Is x composite?
False
Let o(a) = 59*a**2 - 83*a - 1121. Is o(97) prime?
True
Let u(c) = -7*c**2 + 104*c**3 + 68*c**3 + 5*c - 4 + 8*c**2 - 5. Is u(2) composite?
False
Is 163/((5 - -2) + (-1866)/267) composite?
True
Let w be 984217/(-91) + (30/(-21) - -1). Let q = -3255 - w. Is q prime?
True
Suppose 5*h - 22 = -s, 5*s + 8 = 4*h + 2. Suppose 3*n + s*n + 30106 = 2*r, -4*r - 2*n + 60212 = 0. Is r composite?
False
Suppose 5*p - 30 = -5*q, -5*p + 4*q + 28 - 7 = 0. Suppose u + p*u = 60. Is (-9367)/(-2) - ((-5)/u - 1) composite?
True
Let h(n) = -56*n + 7 - 41*n + 21*n + 2. Is h(-10) a composite number?
False
Suppose 56*r + 739139 = 57*r + 5*p, 2217329 = 3*r + 4*p. Is r composite?
False
Suppose h + 4*o = 8*o + 24, 0 = -h - 4*o. Let i(c) = c - 7. Let w be i(h). Suppose 3*b - 3*u = 1638, -w*b + 1415 = 5*u - 1265. Is b a composite number?
False
Is (-4220606)/(-30) + 8/60 prime?
False
Let i = 225998 - 132369. Is i a composite number?
False
Let x(g) be the second derivative of -401*g**3/6 + 219*g**2/2 + 13*g - 3. Is x(-26) a prime number?
False
Suppose -4*i - 84 = l - i, 4*l = 5*i - 319. Is (-54)/l - 5744/(-6) a prime number?
False
Suppose 4*b + 12 = 0, 0 = 252*i - 251*i + 3*b - 289900. Is i a prime number?
False
Suppose -3*k = 2*t - 8, -5*k - 24 = -2*t - 0*k. Suppose j + 7816 = 3*u, -u + 2*j - t*j + 2600 = 0. Is u composite?
True
Let k be 21/21 - (-2)/1. Suppose 2 - 5 = k*m. Is 3*m - (-5320)/8 a prime number?
False
Let k be 0 - 3/(-3) - 8/8. Suppose 8*f + k*f = -15264. Is f/(-5) + (-2 - 24/(-10)) a composite number?
True
Let a(x) be the third derivative of x**5/60 + 11*x**4/24 + 19*x**2. Let r be a(-11). Suppose 3*u - 3 = r, -2*d = -d + 4*u - 1785. Is d a composite number?
True
Is (-128607)/(-12) - -6 - (-11)/(-44) composite?
False
Let t be 12/(1 + 38/(-14) - -2). Let v(h) = h**2 + 18*h + 31. Let f be v(-15). Is 56982/t + (-4)/f a composite number?
True
Let t(c) = -3319*c - 25. Is t(-12) a prime number?
False
Suppose -p - 2*l + 15 = 0, 2*l + 2*l = -3*p + 35. Suppose p*u = -3*q + 1854, 6*u + 9 = 3*u. Is q a prime number?
False
Suppose -2*x + 9 + 15 = 4*o, 4*x = 8. Suppose -o*l + 2081 = -2264. Is l composite?
True
Let d = 863 + -860. Suppose -2*m + 1836 = -2*c - c, d*c - 2769 = -3*m. Is m a composite number?
True
Let z(t) = -t**3 - t**2 - 2*t - 9541. Let i be z(0). Let s = i + 20934. Is s a composite number?
False
Suppose 5*o = l - 119098, 5*l + 476323 = 9*l + 3*o. Is l a composite number?
False
Let n(g) = g**3 + 2*g**2 - 4*g + 7. Let o be n(6). Let w = o - -151. Is w a prime number?
False
Suppose -4*u + 4*q + 96 = 0, 3*u - 72 = 5*q - 4. Let t = u + -21. Suppose 4*c - s = c + 630, 618 = 3*c - t*s. Is c a composite number?
False
Let b(w) = -w**3 - 17*w**2 + 75*w + 281. Is b(-50) a prime number?
True
Suppose -3*a = -m + 7, 2*m - 14 = -2*m - 2*a. Is -5 - (m/(-8))/((-1)/(-6164)) composite?
True
Let r be 144/(-108)*24942/(-4). Let l = r + -4485. Is l prime?
False
Let t = 24254 + -11554. Suppose 0 = -a + 3 + 33. Is 4/18 - -1*t/a prime?
True
Let x be (-12)/((-15)/(-5) - 9/2). Suppose -119514 = x*k - 12690. Is 6/(-48) + k/(-8) a prime number?
True
Let c(z) = 706 - 31*z - 237 - 243 - 249. Is c(-6) a composite number?
False
Let f(i) = 6*i**2 + 2*i + 39. Suppose p = -7 + 3, -2*m + 8 = 5*p. Is f(m) a prime number?
False
Let y = 7 + 0. Suppose 0 = y*d - 8*d + 12131. Suppose -p - 6*p = -d. Is p a composite number?
False
Suppose 0 = 3*x + 4*f - 3113, 2*f + f - 5181 = -5*x. Let v(n) = -n**3 + 30*n**2 - 113*n + 148. Let j be v(27). Let w = j + x. Is w a composite number?
True
Let h be 99/(-792) - 991817/(-8). Is h/21 + 14/(-21) a prime number?
True
Suppose -5*p = 5*g - 1920, 2*g - 43*p + 42*p - 759 = 0. Is g prime?
False
Is (3596086/78)/(11/33) a prime number?
True
Let u = -50 - -50. Suppose -213*l + 206*l + 1162 = u. Is l a composite number?
True
Let q = 4241 + 11648. Is q a prime number?
True
Suppose 3*y - 16 = -2*u, -3*y + 2*u - 24 = -7*y. Suppose 0 = -2*s + y, -s = 5*h + 12 - 36. Suppose 3*j - 3*a = 204, 5*j - h*a + 2*a - 349 = 0. Is j prime?
True
Let s(t) = t**3 + 23*t**2 + 24*t - 29. Let u be s(-21). Let z = -203 + u. Is z a prime number?
False
Let g(p) = 8*p - 54. Let o be g(7). Suppose i + o*i = y + 125916, -i = 3*y - 41972. Suppose 6573 = -7*m + i. Is m a composite number?
True
Is ((-1041)/1388)/(4633689/16218132 - 4/14) prime?
True
Let p be ((-50)/20)/((-10)/8). Let a = 455 - -687. Suppose 0*w + a = p*w. Is w prime?
True
Let f(x) = -x**3 + 26*x**2 + 13. Let l be f(29). Let d = l - -8239. Is d prime?
False
Let d(c) = -6*c**2 - 4*c - 3. Let j be d(-2). Let x = 23 + j. Suppose 5*s = 3*z - z + 2777, s = -x*z + 573. Is s prime?
True
Suppose 0 = -2750*w + 2682*w + 50540116. Is w prime?
False
Suppose -20336 = -2*h + a + 37559, -4*h - 2*a + 115786 = 0. Is h a prime number?
False
Suppose 0 = -7*k + 10*k + 5*l + 17427, 17448 = -3*k + 2*l. Is -2 - (8 - k)/(-2) a composite number?
False
Suppose 45*v + 37